en 40 is divided by 28?
12
What is the remainder when 93 is divided by 22?
5
Calculate the remainder when 749 is divided by 150.
149
What is the remainder when 42 is divided by 41?
1
What is the remainder when 164 is divided by 15?
14
Calculate the remainder when 635 is divided by 20.
15
What is the remainder when 715 is divided by 226?
37
Calculate the remainder when 44 is divided by 25.
19
What is the remainder when 2223 is divided by 106?
103
What is the remainder when 555 is divided by 80?
75
Calculate the remainder when 223 is divided by 58.
49
What is the remainder when 57 is divided by 15?
12
What is the remainder when 2155 is divided by 60?
55
What is the remainder when 364 is divided by 117?
13
What is the remainder when 297 is divided by 149?
148
Calculate the remainder when 2499 is divided by 10.
9
Calculate the remainder when 109 is divided by 102.
7
Calculate the remainder when 373 is divided by 9.
4
What is the remainder when 242 is divided by 96?
50
Calculate the remainder when 531 is divided by 77.
69
What is the remainder when 988 is divided by 165?
163
Calculate the remainder when 94 is divided by 21.
10
What is the remainder when 2260 is divided by 73?
70
What is the remainder when 57 is divided by 4?
1
Calculate the remainder when 397 is divided by 20.
17
Calculate the remainder when 63 is divided by 33.
30
Calculate the remainder when 727 is divided by 8.
7
Calculate the remainder when 51 is divided by 17.
0
Calculate the remainder when 8 is divided by 6.
2
What is the remainder when 251 is divided by 12?
11
Calculate the remainder when 13043 is divided by 435.
428
What is the remainder when 507 is divided by 149?
60
What is the remainder when 2257 is divided by 282?
1
Calculate the remainder when 815 is divided by 12.
11
Calculate the remainder when 1213 is divided by 152.
149
What is the remainder when 4653 is divided by 19?
17
What is the remainder when 28348 is divided by 210?
208
Calculate the remainder when 774 is divided by 8.
6
Calculate the remainder when 3530 is divided by 38.
34
What is the remainder when 1977 is divided by 99?
96
Calculate the remainder when 502 is divided by 249.
4
What is the remainder when 1048 is divided by 13?
8
What is the remainder when 499 is divided by 112?
51
Calculate the remainder when 743 is divided by 17.
12
Calculate the remainder when 123 is divided by 8.
3
Calculate the remainder when 1429 is divided by 231.
43
What is the remainder when 2907 is divided by 725?
7
Calculate the remainder when 1277 is divided by 20.
17
What is the remainder when 1313 is divided by 110?
103
What is the remainder when 20637 is divided by 480?
477
What is the remainder when 126 is divided by 18?
0
What is the remainder when 64 is divided by 56?
8
What is the remainder when 3014 is divided by 752?
6
What is the remainder when 3242 is divided by 56?
50
What is the remainder when 1375 is divided by 51?
49
Calculate the remainder when 174 is divided by 35.
34
What is the remainder when 5510 is divided by 35?
15
What is the remainder when 720 is divided by 50?
20
Calculate the remainder when 1287 is divided by 15.
12
Calculate the remainder when 884 is divided by 256.
116
Calculate the remainder when 203 is divided by 52.
47
What is the remainder when 10979 is divided by 30?
29
Calculate the remainder when 36 is divided by 14.
8
Calculate the remainder when 1098 is divided by 10.
8
Calculate the remainder when 58 is divided by 15.
13
Calculate the remainder when 279 is divided by 148.
131
What is the remainder when 360 is divided by 354?
6
What is the remainder when 256 is divided by 252?
4
What is the remainder when 1482 is divided by 34?
20
What is the remainder when 99 is divided by 37?
25
Calculate the remainder when 94 is divided by 40.
14
What is the remainder when 223 is divided by 46?
39
Calculate the remainder when 495 is divided by 62.
61
What is the remainder when 38 is divided by 28?
10
Calculate the remainder when 141 is divided by 113.
28
What is the remainder when 821 is divided by 57?
23
Calculate the remainder when 295 is divided by 50.
45
What is the remainder when 126 is divided by 16?
14
Calculate the remainder when 27596 is divided by 230.
226
Calculate the remainder when 158 is divided by 145.
13
What is the remainder when 1074 is divided by 107?
4
Calculate the remainder when 308 is divided by 106.
96
What is the remainder when 300 is divided by 38?
34
Calculate the remainder when 1278 is divided by 40.
38
What is the remainder when 1857 is divided by 82?
53
Calculate the remainder when 1745 is divided by 292.
285
Calculate the remainder when 325 is divided by 107.
4
Calculate the remainder when 628 is divided by 45.
43
Calculate the remainder when 384 is divided by 79.
68
What is the remainder when 193 is divided by 29?
19
Calculate the remainder when 156 is divided by 50.
6
Calculate the remainder when 1232 is divided by 200.
32
Calculate the remainder when 562 is divided by 474.
88
Calculate the remainder when 3965 is divided by 9.
5
Calculate the remainder when 67 is divided by 47.
20
What is the remainder when 924 is divided by 14?
0
What is the remainder when 271 is divided by 46?
41
What is the remainder when 621 is divided by 11?
5
Calculate the remainder when 58 is divided by 9.
4
Calculate the remainder when 40799 is divided by 15.
14
Calculate the remainder when 1057 is divided by 487.
83
What is the remainder when 326 is divided by 82?
80
Calculate the remainder when 120 is divided by 49.
22
What is the remainder when 994 is divided by 91?
84
What is the remainder when 1439 is divided by 128?
31
Calculate the remainder when 2355 is divided by 26.
15
What is the remainder when 541 is divided by 64?
29
What is the remainder when 70 is divided by 45?
25
What is the remainder when 100 is divided by 20?
0
What is the remainder when 216 is divided by 11?
7
What is the remainder when 6915 is divided by 91?
90
Calculate the remainder when 394 is divided by 7.
2
Calculate the remainder when 423 is divided by 33.
27
What is the remainder when 483 is divided by 14?
7
What is the remainder when 217 is divided by 117?
100
What is the remainder when 379 is divided by 362?
17
What is the remainder when 171 is divided by 35?
31
Calculate the remainder when 233 is divided by 117.
116
What is the remainder when 831 is divided by 118?
5
What is the remainder when 388 is divided by 26?
24
What is the remainder when 29 is divided by 28?
1
Calculate the remainder when 30 is divided by 4.
2
What is the remainder when 49 is divided by 40?
9
What is the remainder when 2046 is divided by 341?
0
Calculate the remainder when 2223 is divided by 131.
127
What is the remainder when 167 is divided by 7?
6
Calculate the remainder when 611 is divided by 77.
72
Calculate the remainder when 132 is divided by 43.
3
Calculate the remainder when 2039 is divided by 20.
19
What is the remainder when 275 is divided by 156?
119
What is the remainder when 1710 is divided by 2?
0
What is the remainder when 802 is divided by 162?
154
What is the remainder when 198 is divided by 21?
9
Calculate the remainder when 249 is divided by 130.
119
What is the remainder when 1701 is divided by 56?
21
Calculate the remainder when 352 is divided by 69.
7
Calculate the remainder when 100 is divided by 44.
12
What is the remainder when 138 is divided by 103?
35
What is the remainder when 23 is divided by 15?
8
Calculate the remainder when 419 is divided by 12.
11
What is the remainder when 1298 is divided by 271?
214
Calculate the remainder when 3769 is divided by 92.
89
What is the remainder when 1661 is divided by 18?
5
Calculate the remainder when 1266 is divided by 379.
129
What is the remainder when 2506 is divided by 9?
4
Calculate the remainder when 965 is divided by 61.
50
Calculate the remainder when 695 is divided by 17.
15
What is the remainder when 561 is divided by 99?
66
What is the remainder when 86 is divided by 5?
1
What is the remainder when 116 is divided by 5?
1
What is the remainder when 1935 is divided by 277?
273
What is the remainder when 998 is divided by 110?
8
Calculate the remainder when 294 is divided by 50.
44
Calculate the remainder when 41478 is divided by 99.
96
Calculate the remainder when 